umber?
True
Let m = -223 - -1261. Suppose 4*b = 7*b + m. Let x = -207 - b. Is x a composite number?
False
Let i be (14/(-42))/((-1)/9). Let b be (59/(-3))/((-1)/((-72)/i)). Is (b/(-32))/(1 + 91/(-92)) a prime number?
False
Suppose c + 4*w - 14 = 0, -2*w + 1 = 3. Is ((-15597)/c*4/(-2))/1 prime?
True
Suppose -18*i - 3485 = -23*i - h, 3*i - h - 2083 = 0. Let g = i + 997. Is g a prime number?
True
Is (2/(-16)*-2)/(708/819419376) a composite number?
False
Suppose 2*x = -f - 872 + 8351, 3*x = 5*f + 11225. Let r = -921 + x. Is r a composite number?
False
Let b = 9 - 12. Let c be -1 - 0/b*(4 - 3). Is -5 + (c - 171)*-9 a composite number?
False
Let p = 188250 - 53615. Is p prime?
False
Is (1/(-2))/((-5)/(-2918) + 0)*-235 prime?
False
Let f = -16397 + -15495. Is f/(-16) - (-2)/(-8) composite?
False
Suppose 3*o - 348312 = 5*l, 9*o - 13*o + 464374 = -2*l. Is o a composite number?
False
Let r be (-165)/99*(-12)/10. Suppose 25*m - 31239 = -r*m. Is m a composite number?
True
Let v = 74 + -71. Let c be (-22)/(-8) + (13/4 - v). Suppose -12 = c*q, -2*h - 5*q = 240 - 666. Is h prime?
True
Let v(z) = z**2 + 7*z + 10. Let t be v(-6). Suppose -5*x + 779 = t*d, -2*x + 0*d + 2*d + 326 = 0. Suppose 1134 = 3*y - x. Is y a prime number?
True
Let p be 3/(-12) - (-26)/(1872/18738). Let v = -920 - -3375. Suppose 5*k = -p + v. Is k a prime number?
True
Suppose 21*d + 1 - 64 = 0. Suppose d*v = 3*z - 2*z - 5516, 0 = z - 4*v - 5519. Is z a prime number?
True
Let m(k) = -8 - 18 + 6 - 36*k. Let p be m(5). Let b = p - -1123. Is b a composite number?
True
Let n = 41745 - 25066. Is n a prime number?
False
Let b(u) = u**2 - 8*u + 3. Let c = 19 + -11. Let s be b(c). Suppose s*j - 4*j + 4 = 0, 5*k = j + 19921. Is k a prime number?
False
Let k(z) = 99*z + 95. Let s be k(3). Suppose 4*f - g = 845, -2*g + s = 4*f - 450. Is f a composite number?
False
Suppose -5*w - 3*p = -932962, -4*w + 995202 = -4*p + 248826. Is w a prime number?
False
Suppose -l + 2*v + 1987 = -2*v, 0 = -3*l - v + 5961. Let r(j) = 2936*j + 164. Let q be r(1). Let t = l + q. Is t composite?
False
Let m be 3 - -33 - (3 + 0). Suppose l - m = 2*l. Let p = l - -126. Is p a prime number?
False
Let t(f) = -238*f + 2301. Is t(-59) composite?
True
Suppose 3*c + 3 = 0, 0*r + 3*r - 3*c = 9. Suppose 0 = -6*j + 8*j - r. Is (j/((-2)/5108))/(-2) a composite number?
False
Let p(a) = 2*a**3 - 61*a**2 + 32*a - 55. Let i be p(30). Suppose -3 = 3*c - 0*c. Is (-2 - (c - i)) + 1945 a composite number?
False
Let b(l) be the third derivative of 0*l - 1/6*l**3 - 27*l**2 + 0 - 28/3*l**4. Is b(-1) composite?
False
Let n be (-23)/4*(-4)/(-1). Suppose 0 = 4*o + 4*v - 144, -49*o - 171 = -53*o + 5*v. Let z = o - n. Is z a prime number?
False
Let z be (-440)/(-100) - 6/(-10). Suppose -306 - 3289 = -z*x. Suppose -3*t = 4*r - x, -355 = -0*r - 2*r + 3*t. Is r composite?
False
Is 15642410/56 - ((-12)/(-48) + 1/(-2)) a prime number?
True
Let w(i) be the third derivative of -i**6/120 + i**5/60 + 7*i**4/24 + i**3/2 - 6*i**2. Let o be w(-3). Suppose o*n + 5222 = 20*n. Is n a prime number?
False
Let o(u) = -2*u + 1. Let t(k) = -1210*k - 167. Let r(h) = 6*o(h) - t(h). Is r(14) prime?
False
Let h(b) = -2*b + 33. Let t be h(-8). Let d = -15 + t. Is d composite?
True
Is 1625355/171 + -1 + 14 a prime number?
False
Let j be -2 - (-6)/(-9)*-3. Suppose 6*f + 18 = -j. Let h(p) = 37*p**2 + 2*p + 4. Is h(f) a composite number?
False
Suppose 0 = x + 1, -564449 + 91295 = -3*r + 3*x. Is r a composite number?
True
Let g(n) = n**2 - 2*n. Let s(i) = 17*i**2 + 53*i - 7. Let j(u) = -5*g(u) + s(u). Is j(-18) prime?
False
Suppose 0 = 3*a - 2*x + 5*x - 193536, -2*a = -2*x - 129028. Is a a prime number?
True
Suppose 9*b - 47693940 = -135*b + 4*b. Is b composite?
True
Suppose 3*v + 9*z - 10*z = 8185, 13644 = 5*v - 4*z. Suppose 3*f = -m + 4099, 0*m + 4*m + v = 2*f. Is f prime?
False
Suppose 38*p = 30*p - 367608. Is 6/(-60) + p/(-10) prime?
False
Let c be -43 + 2*4/(-8). Let y be 33/c + (-17)/4. Let j(v) = v**3 + 11*v**2 + 2*v + 5. Is j(y) a composite number?
True
Let b(i) be the second derivative of -2135*i**3/6 + 3*i**2/2 - 10*i. Let m be b(-1). Let p = m + -1111. Is p a composite number?
True
Let l be 1*((-27)/18)/((-2)/4). Suppose -4*v = -v - 9, v = 3*t - l. Suppose 4*z + t*o = 6*o + 4400, -z + 1095 = 4*o. Is z composite?
True
Let r(s) = -93*s**3 + 13*s**2 + 42*s + 37. Is r(-4) prime?
True
Let t(m) = 2 + 1 - 902*m - 6. Suppose -25*v = 734 - 609. Is t(v) a composite number?
False
Let x be ((-6)/(-9))/(16/(-72)). Let r be (-2 + -1)/x*2. Is ((-14)/3)/(r/(-21)) a prime number?
False
Suppose -35 + 7 = -u. Suppose 4*m - 3*m + 14 = o, -2*m = 5*o + u. Is 4134/14 + (18/m - -1) prime?
False
Let a(j) = j**3 - j**2 - 7*j + 6. Let f be a(4). Suppose 0 = f*l - 10*l - 310160. Is l prime?
False
Suppose 0 = -141*l + 134*l. Suppose a - 3680 - 9098 = l. Is a a composite number?
True
Let s = -62 - -9. Let t be 10/55 + s/(-11). Suppose -3*g + 2427 = -3*q + 864, t*g + 5*q = 2605. Is g prime?
True
Suppose 35*d - 45*d = -20. Suppose 3*a - 644 = -5*p + 167, 3*a - 776 = d*p. Is a a prime number?
False
Let y = -255562 + 978299. Is y prime?
True
Let q(p) = -478*p + 19. Let v = 12 + -10. Suppose 8*n = -34 + v. Is q(n) composite?
False
Let v be (-5)/(-10) - (-28)/8. Let m = -649 + 1541. Suppose -m = -v*h - 0*h. Is h a prime number?
True
Suppose -398 = 18*l - 110. Let r(k) = -k**3 - 15*k**2 + 10*k - 15. Let w be r(l). Suppose 5*y - 424 = -v - w, 2*v - 700 = -3*y. Is v prime?
True
Suppose -15*z = -5*a - 20*z + 352105, 352111 = 5*a + 2*z. Is a composite?
False
Let l = -17328 - -90787. Let h = l + -39756. Is h composite?
False
Suppose -3*r = 31*k - 29*k - 752840, 5*k - 1882061 = -r. Is k composite?
True
Is 1030944/252 - 3/63 composite?
False
Let u be (45 - (3 + 2))*8/10. Suppose v - u = -33. Is (382/4)/(v/(-2)) prime?
True
Let m(r) = r**2 + 39*r - 57. Let d(t) = 3*t**2 - 3*t - 13. Let n be d(-3). Is m(n) prime?
False
Let r(x) = 10*x. Suppose 0 = -5*c + 4*q + 9, -2*q = 2*c - 0*q. Let w be r(c). Is 3 + (w/(-45) - 292/(-18)) prime?
True
Let x = 7953 + -7920. Is x a prime number?
False
Suppose 0 = -69*g + 86*g - 340. Is (-22 + g)/(5/(12885/(-6))) a composite number?
False
Let m be 0/((-4)/(-8)*2). Suppose w - 6*g - 7576 = -g, m = 3*g - 12. Is (w/24)/((-3)/(-14)) prime?
False
Is (116961/12)/((-32)/(-128)) composite?
True
Suppose -50615 = -2*l + 2*h + 317131, 2*h = 4*l - 735488. Is l a composite number?
False
Let o(z) = 1145*z + 144. Let y be o(17). Let c = y + -12422. Is c composite?
False
Suppose 2*y - 1932 - 12716 = -3*s, -5*y - 5*s + 36615 = 0. Is y prime?
True
Let q(v) = -396*v + 5 + 205*v + 101*v. Is q(-7) a composite number?
True
Suppose 8*d - 10*d = -2, -25 = -m - 2*d. Suppose 1205 = -m*p + 6978. Is p a composite number?
False
Let c(h) = 53*h**2 + 12*h + 26*h + 35*h - 7. Is c(-15) composite?
True
Is ((-10)/40)/((-3)/2029572) a composite number?
True
Let n = 3 + 298. Suppose -304*b = -n*b - 2037. Is b prime?
False
Is 362732 + (8 - 54/9 - -1) a prime number?
False
Let v(d) be the second derivative of -5*d**3/6 + 25*d**2/2 - 12*d. Let y be v(5). Suppose y = 2*b - w - w - 508, 3*w - 242 = -b. Is b prime?
True
Suppose -58*j + 336642 = 52*j - 104*j. Is j a composite number?
True
Suppose -4*r - 20*d + 3800 = -18*d, -2 = d. Let m = 2462 - r. Is m composite?
False
Let g(y) = -3*y**3 - 20*y**2 - 26*y - 27. Let f be g(-12). Suppose -n - 5*x = -f, 0 = -3*x + x - 8. Is n a composite number?
False
Suppose 0 = 8*f - 859665 + 139265. Suppose 3*m + f = 28*m. Is m a prime number?
False
Suppose -45 = -3*z - 5*q, 0 = 5*z + 3*q + 29 - 120. Suppose z*f + 53638 = 33*f. Is f a composite number?
True
Suppose 8581455 = 49*i - 4*i. Is i a composite number?
False
Suppose -5*p + 2*z - 17546 = -62086, 3*p - 2*z - 26724 = 0. Suppose -f = -2*f, 0 = 4*h - f - p. Is h composite?
True
Suppose x - 31 = -5*q, 18 = 2*q - x + 7. Is (-3)/q - 1161192/(-48) prime?
False
Let n(c) = 411*c - 14. Let j be n(-16). Let k = 2163 - j. Is k composite?
False
Suppose 4*c + 1109 = -483. Let i = -3141 + 1864. Let r = c - i. Is r composite?
True
Is (-253452664)/(-407) - 25 - (9/11 + -1) composite?
False
Let a be ((-4 - -5) + -1)/((-4)/2). Suppose t + 11*t - 12 = a. Is (0 + -3 - -1)*-701*t a prime number?
False
Let g be 4/2 - (-2 + -792). Let p = 3599 - 3596. Sup